Let i = 5 + -1. Let x(m) be the second derivative of m**4/24 + m**3/3 + 105*m**2/2 - 32*m. Let t(s) be the first derivative of x(s). Calculate t(i).
6
Let w(i) = 418*i - 2. Let h be w(0). Let a(d) = 4*d**3 + 2*d**2 + 5*d + 5. What is a(h)?
-29
Let u(m) = -167*m - 1168. Let f be u(-7). Let k = -1 + 4. Let b(s) = 3 + 1 - 2*s + 2*s**2 - 2 - 4*s**k - 1. Calculate b(f).
-3
Let k(z) be the first derivative of 5*z**2/2 + 39*z + 40. Let l be k(-8). Let g(a) be the first derivative of -5*a**2 + 3. Give g(l).
10
Suppose -4*v = -4*o - 248, -2*v + 59 = -v + 2*o. Suppose -527 = 7*k - 135. Let r be k/9 + 6 + v/(-9). Let c(s) = -s**3 - 7*s**2 + s + 10. Calculate c(r).
3
Suppose -204*i + 228*i - 120 = 0. Let g(o) = o**2 - 15*o + 37. What is g(i)?
-13
Let p(v) = -v**2 - 9*v. Let k be p(-8). Let j(w) be the first derivative of w**3/3 - 3*w**2 - 14*w + 40380. Determine j(k).
2
Let n(d) be the third derivative of -d**7/2520 - d**6/80 - d**5/24 + d**4/24 - 7*d**3/6 - 53*d**2. Let i(s) be the second derivative of n(s). Determine i(-6).
13
Suppose 5*y + a = -23, -16*y + 7 = -17*y + a. Let v(b) = -b**3 - 3*b**2 + 14*b + 8. Calculate v(y).
-12
Let y(z) be the third derivative of z**6/120 - z**5/15 + z**4/6 - 3*z**3/2 - 1922*z**2. Determine y(3).
-6
Let q(y) = -13*y**3 - 27*y**2 + 8*y - 8. Let r(h) = 7*h**3 + 14*h**2 - 5*h + 4. Let k(o) = 6*q(o) + 11*r(o). Give k(-5).
-44
Let d = 0 + -4. Let u(f) = -3*f**2 - 14. Let j(h) = -5*h**2 - 4*h - 32. Let x(k) = j(k) - 2*u(k). Determine x(d).
28
Let p(g) = -g**2 + 47*g + 26. Let w(t) = t**2 - 36*t - 25. Let q(l) = 3*p(l) + 4*w(l). What is q(6)?
-4
Let u(g) = -2*g**2 - 34*g - 31. Let j = -11779 + 11763. Give u(j).
1
Let c = 2 + 0. Let d(q) = 2*q**3 + 11*q**2 - 7*q - 4. Let r be d(-6). Let p(h) = -r + 4 - 1 - 2 - c*h. Give p(-1).
1
Let g(m) = 16*m**2 + m + 20. Let v(i) = -3*i**2 - 8 - 8 + 0*i**2 + 12. Let t(r) = -r + 4. Let o be t(6). Let y(f) = o*g(f) - 11*v(f). Determine y(3).
7
Let h(o) = 9*o - 1. Let s be h(2). Suppose -11*y = -s*y + 6. Let u(j) = -5*j**3 + j**2 + j - 1. Determine u(y).
-4
Let r(a) = 10*a + 44 + 25 - 58. Determine r(5).
61
Let y(n) = -9*n**3 + 5*n**3 - 5*n**2 + 5 + 5*n**3. Suppose -15 + 0 = -w. Let c be w/35 + (-32)/(-7). What is y(c)?
5
Let j = 24 + -51. Let v be j/(-9) + 5 + -22. Let m(o) = -o + 4. Give m(v).
18
Let a(c) = -13*c**3 - 2*c**2 - 2*c. Suppose -5*g - 28 = -5*h - 33, -3*g = -2*h - 2. Give a(h).
13
Suppose 5*p + 14 = -3*y, 3*p + 10 = -y - y. Let m(f) be the third derivative of -f**5/60 - f**4/4 + 7*f**3/3 - 296*f**2 - 43. What is m(y)?
-2
Let v(c) be the third derivative of -6*c**2 + 1/24*c**4 - 2*c + 0 + 5/6*c**3. Give v(-10).
-5
Suppose 135 = 3*w + 3*o, w - 18 = -5*o + 35. Let z(x) = w - 4*x + 8*x - 37 - x**2. Let v = -8 - -13. Determine z(v).
1
Let r(z) = -z**3 + 8*z**2 + z + 14. Let w(l) = l**2 + 2*l - 27. Let c be w(-7). Determine r(c).
22
Let i(u) = u**2 + 4*u - 4. Let g be i(-5). Let x(q) = -6*q**2 - q - 8. Let n(t) = -t**2 - t - 2. Let h(z) = g*x(z) - 5*n(z). Give h(3).
5
Let s = 309 - 307. Let p(k) = -3 - 1807*k**2 + 1806*k**2 - 3 - s - 12*k. Give p(-8).
24
Suppose -4645 = -17*t + 285. Let g = t - 296. Let b(z) = -z**2 - 5*z + 3. Give b(g).
-3
Let r(w) = 66014*w**3 + 66008*w**3 + 18 - 8*w**2 + 11*w - 132021*w**3. Calculate r(6).
12
Let w(n) be the third derivative of n**5/12 - n**4/12 - n**3/6 + 1338*n**2. Determine w(3).
38
Suppose 26 = -52*t + 39*t. Let u(n) = 3*n**3 + 3*n**2 - 6*n - 8. Let c(l) = 10*l**3 + 7*l**2 - 17*l - 24. Let q(i) = t*c(i) + 7*u(i). Calculate q(-8).
-8
Suppose 5*o + 3*u + 74 = 0, 115*u - 17 = 2*o + 112*u. Let d(i) = 3*i + 10. Give d(o).
-29
Suppose 0 = -24*g - 89 + 60 - 91. Let b(p) = p**3 + 7*p**2 + 5*p - 8. Determine b(g).
17
Let h(x) be the third derivative of -x**7/840 + x**6/360 + x**5/60 - x**4/12 + x**3/6 - 44*x**2 - x. Let w(k) be the second derivative of h(k). Determine w(-2).
-14
Let k be 8/2 + -5 + 6. Suppose -o - k*d = -0*o - 316, 2*d = 5*o - 1445. Let g(i) = -142*i + o*i - 144*i. Give g(1).
5
Suppose -5*r + 1577 = -5*y - 793, 2*r = y + 948. Let m be (-2)/(-13) - 8/312*r. Let f(u) = -u - 9. What is f(m)?
3
Let g(r) = -6*r**2 - 70*r - 12. Suppose -4*l = 24, 3*l = -120*i + 115*i - 73. What is g(i)?
32
Let b(x) be the third derivative of -x**6/120 + x**5/60 + 5*x**4/24 + x**3/2 + 2997*x**2. Let a be 20/6*(-6)/(-5). Determine b(a).
-25
Let b(v) = -16*v - 152 - 53 - 29*v - 15*v - 194. What is b(-7)?
21
Let c(d) = -d**2 - 6*d + 6. Let a(f) = 36*f + 357. Let g be a(5). Suppose 50*j - 137 = -g. Give c(j).
-10
Let q = 4409 + -4458. Let i(z) = -z**2 - 52*z - 160. Determine i(q).
-13
Let r(t) = -29*t + 44. Let m be r(2). Let u be (-1)/(-4) + 2 + m/(-8). Let a(x) = -x**3 + 5*x**2 - 5*x - 3. Give a(u).
-7
Let g = 11 + -2. Let i(u) be the second derivative of u**5/20 - 5*u**4/6 + 7*u**3/6 - 3*u**2/2 - 1120*u. Give i(g).
-21
Let v(k) = -k**2 + 10*k + 26. Let y be v(12). Let x(t) = y + t**2 + 9*t + t + 3. What is x(-9)?
-4
Suppose -4*f - 4*h - 12 = 0, 3*h - 756 + 737 = 4*f. Let x(p) = 8*p - 32. Calculate x(f).
-64
Let v be (-2)/3 - 2/6*-128. Let q = -130 - -139. Let y(o) = -v*o + q - 48*o + 91*o. Determine y(-6).
3
Let a(o) = 967*o + 20 - 1 - 1937*o + 968*o. Give a(11).
-3
Let n(m) = m**3 + 6*m**2 + 4*m + 4. Let f(s) = 4*s - 1. Let z be f(4). Suppose z*x = 13*x - 40. Let i be x/6*12/8. Calculate n(i).
9
Let r(z) be the third derivative of -z**6/120 - 3*z**5/20 + 3*z**4/8 - 3*z**3 + 279*z**2 - 3. Give r(-10).
-8
Suppose -66 = -209*j + 206*j. Suppose -k + j = 21. Let b(n) = 11*n**3 + 2*n - 1. Give b(k).
12
Let c(r) = -335*r + 2684. Let i be c(8). Let l(d) = -15*d - 6. Calculate l(i).
-66
Let z(g) be the first derivative of 3*g**2 - 6*g + 844. Suppose -r - 3*u - 5 = -3*r, -3*r - u = -13. Give z(r).
18
Let j(k) be the third derivative of 7/6*k**3 - 33*k**2 + 0 + 0*k + 1/8*k**4. Give j(-6).
-11
Let t be (-1)/(0 - 2/(-48)). Let d(r) = 7*r**2 - 30*r - 3. Let m(v) = 18*v**2 - 63*v - 7. Let p(c) = 10*d(c) - 4*m(c). Calculate p(t).
-2
Let o(m) be the first derivative of 11*m**3 + m**2/2 + 1950. Give o(-1).
32
Let r(j) = -j**2 + 11*j + 3. Let w be r(8). Let x(u) = u - 27. Determine x(w).
0
Let u(j) be the first derivative of 52*j**2 - 56*j + 271. Let o(l) = -22*l + 11. Let h(v) = 14*o(v) + 3*u(v). Determine h(6).
10
Let m(n) be the third derivative of n**5/60 + 49*n**4/24 + 36*n**3 - 23*n**2 + 9*n + 2. What is m(-5)?
-4
Let k(l) = 4*l**2 + 77*l - 132. Let a be k(-21). Let s(u) = u - 13. What is s(a)?
2
Let i(k) = -31*k**2 - 27*k**2 + 2*k + 118*k**2 - 29*k**2 - 34*k**2. Give i(-3).
-33
Let o(v) = -43*v - 158. Let c(f) = 34*f + 158. Let s(l) = -4*c(l) - 3*o(l). Determine s(-23).
3
Let w(h) = 3421*h**3 - 5*h + 21 - 3420*h**3 - 11*h - 14*h**2. Suppose -3*x - 2*x = -75. Let s be w(x). Let d(b) = b - 6. Calculate d(s).
0
Suppose 0 = -3*a - 2*k - 3*k + 22, -2*a = 5*k - 18. Suppose 2*x - 4*q - 20 = -a, 3*x = 2*q + 24. Let h(v) = 4 + 16*v - 10*v - x*v. Give h(6).
-8
Let f(q) = -q**3 - q**2 + 4*q - 4. Suppose -31*b = 179 - 55. What is f(b)?
28
Let o(u) = u - 6 - 4*u + 2. Let c(q) = -q**2 + 16*q - 18. Suppose 5*f + 2*r = 11 + 70, f - 24 = -3*r. Let a be c(f). Determine o(a).
5
Let y(z) = -3*z**2 - 19*z - 7. Let x(w) = -2*w**3 - 68*w**2 - 66*w - 6. Let j be x(-33). Give y(j).
-1
Let z(p) be the second derivative of -p**5/20 - p**4 + 5*p**3/6 + 41*p**2/2 + 432*p - 1. Give z(-12).
-19
Let x(n) be the first derivative of -9*n - 7*n**2 - 1/3*n**3 + 217. What is x(-14)?
-9
Let i = -357 - -350. Suppose 0 = 2*t + 2*z + 3*z - 2, 4*t - 52 = 2*z. Let r(l) = 8*l**2 + t*l + 5 + 2*l - 5*l + l**3. Give r(i).
-2
Let b be (-52)/8 + (-1)/(-2). Let u(k) = -13*k**3 - 79*k**2 + 5*k + 12. Let c(m) = 12*m**3 + 73*m**2 - 4*m - 10. Let r(t) = 12*c(t) + 11*u(t). What is r(b)?
6
Suppose -5*d + 27296 = -3*l - 19125, -2*l + 6 = 0. Let o(s) = -3 + 2 + d*s**3 - 9287*s**3 - 2*s**2. Determine o(-3).
8
Let i(y) = 73*y + 272. Let r(g) = 11*g + 45. Let f(x) = -2*i(x) + 13*r(x). Give f(13).
2
Suppose b - 47 = 5*n, -55*n + 11 = -56*n + b. Let a(w) = -w - 16. Give a(n).
-7
Let x be 10/90*2 + (231/(-54))/(-7). Let t(p) be the second derivative of -x*p**3 + 18*p + 0 + 0*p**2 - 1/12*p**4. Calculate t(-7).
-14
Let q(m) be the second derivative of -m**4/12 - 5*m**3/6 - m**2/2 + m. Let h = -64 + 84. Let y(v) = v**3 - 22*v**2 + 40